greatest common factor of 628 and 272?
4
Calculate the greatest common factor of 83375 and 69.
23
What is the greatest common factor of 26 and 12071371?
13
Calculate the greatest common factor of 210 and 1560.
30
Calculate the greatest common factor of 44188 and 12.
4
What is the highest common divisor of 284090 and 50?
10
What is the greatest common divisor of 27120 and 128?
16
Calculate the greatest common divisor of 195 and 23175.
15
What is the greatest common factor of 50268 and 1065?
213
What is the highest common divisor of 24 and 10869?
3
What is the highest common factor of 66 and 9834?
66
Calculate the highest common factor of 1302167 and 61.
61
Calculate the highest common divisor of 13 and 46826.
13
What is the greatest common divisor of 12529 and 18887?
187
What is the highest common factor of 42279 and 612?
51
Calculate the greatest common divisor of 506 and 243662.
46
What is the greatest common divisor of 337791 and 1308?
327
What is the highest common factor of 840 and 272916?
84
Calculate the highest common factor of 8 and 792812.
4
What is the greatest common divisor of 863333 and 61?
61
Calculate the highest common factor of 2711 and 2.
1
Calculate the highest common factor of 50 and 29455.
5
Calculate the highest common divisor of 4508 and 140.
28
What is the greatest common divisor of 760 and 2511610?
190
What is the greatest common factor of 21353 and 95518?
163
What is the greatest common factor of 74 and 15577?
37
What is the greatest common divisor of 450 and 53050?
50
What is the highest common factor of 837 and 3474?
9
Calculate the highest common divisor of 15024 and 2544.
48
What is the greatest common factor of 20119 and 35695?
649
Calculate the greatest common factor of 6118 and 513.
19
What is the greatest common factor of 24984 and 162?
18
Calculate the greatest common divisor of 368 and 242558.
46
Calculate the highest common divisor of 43851 and 2397.
141
What is the greatest common divisor of 65487 and 249?
249
Calculate the highest common factor of 10301871 and 339.
339
Calculate the greatest common divisor of 44 and 209.
11
What is the highest common divisor of 675523 and 2169?
241
Calculate the greatest common factor of 144 and 4689.
9
What is the highest common factor of 5 and 2321455?
5
What is the greatest common divisor of 269893 and 507?
169
What is the greatest common divisor of 84 and 409388?
28
Calculate the highest common divisor of 24 and 1185816.
24
What is the greatest common factor of 52528 and 12152?
392
What is the greatest common divisor of 770 and 47894?
154
What is the highest common divisor of 416 and 10712?
104
What is the highest common divisor of 70680 and 12462?
186
What is the greatest common factor of 3031 and 11599?
7
What is the highest common factor of 75 and 4525?
25
Calculate the highest common divisor of 2375 and 560215.
95
What is the highest common factor of 6012695 and 65?
65
Calculate the highest common factor of 732489 and 555.
111
What is the highest common factor of 48 and 81588?
12
Calculate the highest common divisor of 11142 and 195604.
1238
What is the greatest common factor of 17424 and 1104?
48
Calculate the greatest common divisor of 290 and 47370.
10
Calculate the highest common factor of 344 and 9202.
86
Calculate the highest common factor of 1780 and 4005.
445
What is the highest common factor of 28128 and 1120?
32
Calculate the greatest common divisor of 51920 and 99.
11
Calculate the greatest common factor of 19 and 7771.
19
What is the highest common factor of 289 and 48382?
17
Calculate the highest common factor of 4797 and 1989.
117
What is the greatest common factor of 100 and 12136900?
100
What is the highest common factor of 63 and 202440?
21
Calculate the highest common divisor of 1078 and 505120.
154
What is the greatest common factor of 13986 and 156954?
1554
What is the highest common factor of 1288 and 15512?
56
What is the highest common divisor of 51 and 255561?
51
Calculate the highest common factor of 335995 and 5.
5
What is the highest common divisor of 47 and 6440410?
47
What is the highest common divisor of 138 and 642?
6
Calculate the highest common divisor of 26537 and 119.
119
Calculate the highest common factor of 371441 and 329.
329
What is the greatest common divisor of 640 and 755360?
160
What is the greatest common divisor of 7820 and 5525?
85
Calculate the greatest common divisor of 269433 and 34.
17
What is the highest common factor of 54 and 23706?
54
What is the highest common factor of 3354052 and 104?
52
Calculate the greatest common factor of 230 and 1022695.
115
What is the highest common factor of 46676 and 119?
7
What is the greatest common divisor of 7 and 1953476?
7
What is the highest common divisor of 75924 and 95?
19
Calculate the highest common divisor of 2653 and 15659.
7
What is the greatest common factor of 237762 and 126?
126
Calculate the highest common divisor of 128 and 16800.
32
What is the greatest common divisor of 2605556 and 17?
17
Calculate the highest common divisor of 7429 and 512278.
323
What is the highest common factor of 951717 and 598?
299
Calculate the highest common divisor of 728 and 215176.
104
What is the greatest common factor of 447 and 20031?
3
Calculate the greatest common divisor of 2364 and 156.
12
What is the highest common divisor of 1238346 and 12015?
801
What is the highest common divisor of 1932 and 1848?
84
Calculate the highest common divisor of 12555 and 2160.
135
What is the greatest common divisor of 2 and 957251?
1
What is the greatest common divisor of 155311 and 169?
169
Calculate the highest common factor of 5328 and 180.
36
What is the highest common divisor of 370 and 206090?
370
Calculate the greatest common factor of 96 and 6516.
12
Calculate the highest common divisor of 30770 and 51.
17
Calculate the highest common factor of 1218056 and 56.
56
What is the highest common divisor of 6955 and 21935?
535
Calculate the greatest common factor of 2574 and 2750.
22
Calculate the highest common divisor of 1388909 and 122.
61
What is the greatest common divisor of 156 and 11484?
12
What is the greatest common divisor of 117 and 1680705?
117
What is the greatest common divisor of 36580 and 3255?
155
What is the highest common factor of 1070 and 190?
10
What is the highest common divisor of 5392 and 1616?
16
Calculate the greatest common divisor of 1572722 and 212.
106
What is the greatest common divisor of 1004 and 1680194?
502
Calculate the greatest common divisor of 162164 and 1136.
284
What is the highest common factor of 38194 and 169?
169
What is the highest common divisor of 3529837 and 37?
37
Calculate the greatest common divisor of 27924 and 468.
156
Calculate the greatest common divisor of 87 and 1540509.
87
What is the highest common divisor of 12776 and 784127?
1597
Calculate the highest common factor of 8112 and 144.
48
Calculate the greatest common factor of 120 and 125940.
60
What is the highest common divisor of 39704 and 3416?
56
What is the highest common divisor of 1300 and 34?
2
What is the greatest common divisor of 3113 and 33677?
283
What is the greatest common factor of 29799 and 107371?
473
Calculate the highest common divisor of 131708 and 76.
76
Calculate the greatest common factor of 156 and 2275962.
78
Calculate the highest common divisor of 2921 and 5715.
127
Calculate the highest common divisor of 1350 and 17820.
270
Calculate the highest common divisor of 30464 and 7854.
238
What is the highest common factor of 460 and 9890?
230
Calculate the greatest common factor of 147744 and 9728.
608
Calculate the highest common divisor of 245 and 8771.
49
Calculate the greatest common divisor of 156209 and 62.
31
What is the greatest common divisor of 76 and 94278?
38
Calculate the greatest common divisor of 8127 and 73332.
189
Calculate the greatest common divisor of 22 and 3026199.
11
Calculate the greatest common factor of 1376 and 135106.
86
Calculate the greatest common divisor of 397078 and 132.
22
Calculate the highest common divisor of 880 and 83710.
110
What is the highest common factor of 948 and 2643972?
948
What is the highest common factor of 26144 and 2432?
608
Calculate the highest common divisor of 20640 and 270.
30
What is the greate